e 1122347?
False
Is 466 a factor of 327132?
True
Is 17 a factor of 21679590?
True
Does 117 divide 1979172?
True
Does 75 divide 9375?
True
Does 48 divide 1960080?
True
Is 67 a factor of 48611?
False
Does 132 divide 22491276?
False
Does 3 divide 7849?
False
Does 11 divide 3850?
True
Does 177 divide 775437?
True
Does 55 divide 12581890?
False
Is 118244 a multiple of 103?
True
Does 24 divide 311311?
False
Does 564 divide 262239?
False
Is 16165 a multiple of 10?
False
Is 830445 a multiple of 165?
True
Is 17152002 a multiple of 1549?
False
Is 155172 a multiple of 2?
True
Is 12 a factor of 360130?
False
Does 87 divide 353655?
True
Is 72 a factor of 9440431?
False
Is 16 a factor of 1900745?
False
Is 256 a factor of 2876057?
False
Does 12 divide 2546916?
True
Does 213 divide 1702325?
False
Is 9 a factor of 7205?
False
Is 338 a factor of 796328?
True
Is 6 a factor of 275604?
True
Is 109207 a multiple of 7?
True
Is 65059 a multiple of 14?
False
Does 107 divide 4815?
True
Does 141 divide 101943?
True
Does 400 divide 12400?
True
Is 27 a factor of 1246779?
True
Is 8162063 a multiple of 433?
False
Is 133 a factor of 33250?
True
Does 115 divide 127429?
False
Does 8 divide 75386?
False
Is 5 a factor of 6559769?
False
Is 9960060 a multiple of 10?
True
Is 90874 a multiple of 42?
False
Is 2649247 a multiple of 69?
False
Is 85384 a multiple of 104?
True
Is 628537 a multiple of 17?
False
Is 238 a factor of 31275?
False
Does 50 divide 203849?
False
Is 1512861 a multiple of 47?
False
Does 75 divide 721827?
False
Does 25 divide 174575?
True
Is 3 a factor of 22800?
True
Does 178 divide 5162?
True
Does 12 divide 253704?
True
Is 97762 a multiple of 7?
True
Does 9 divide 32788?
False
Is 12 a factor of 421104?
True
Does 8 divide 46656?
True
Is 40791 a multiple of 107?
False
Is 920026 a multiple of 145?
False
Is 12 a factor of 126879?
False
Is 407657 a multiple of 594?
False
Does 368 divide 390215?
False
Is 96640 a multiple of 51?
False
Is 1560868 a multiple of 15?
False
Does 71 divide 30973?
False
Does 5 divide 329025?
True
Does 2 divide 1586486?
True
Is 1072 a factor of 3589931?
False
Does 38 divide 8747003?
False
Does 8 divide 19098?
False
Is 3375236 a multiple of 178?
True
Does 13 divide 3133?
True
Is 34976 a multiple of 8?
True
Is 62 a factor of 2403468?
False
Is 116653 a multiple of 53?
True
Does 1408 divide 6265600?
True
Does 1610 divide 6943930?
True
Does 16 divide 828301?
False
Is 17 a factor of 580397?
True
Does 77 divide 6738?
False
Is 208606 a multiple of 9?
False
Is 98 a factor of 2806818?
True
Is 106 a factor of 600644?
False
Does 6 divide 598524?
True
Is 1916428 a multiple of 231?
False
Does 20 divide 798198?
False
Is 17342784 a multiple of 72?
True
Does 62 divide 43400?
True
Is 66 a factor of 63756?
True
Is 101048 a multiple of 66?
False
Does 350 divide 4435900?
True
Does 102 divide 8744?
False
Is 84 a factor of 4636380?
True
Does 1594 divide 7260670?
True
Is 2580270 a multiple of 410?
False
Is 91568 a multiple of 371?
False
Is 18 a factor of 1104318?
True
Is 105 a factor of 482190?
False
Is 12026223 a multiple of 331?
True
Does 2 divide 1193471?
False
Is 22 a factor of 65114?
False
Does 412 divide 556389?
False
Is 538155 a multiple of 45?
True
Is 250 a factor of 102500?
True
Does 377 divide 1190669?
False
Does 74 divide 116073?
False
Is 1066 a factor of 3778348?
False
Is 203 a factor of 1396336?
False
Is 74 a factor of 926628?
True
Is 401 a factor of 198896?
True
Does 20 divide 2665061?
False
Is 323832 a multiple of 262?
True
Is 9 a factor of 42589?
False
Does 36 divide 762103?
False
Is 82 a factor of 5072?
False
Does 5 divide 623984?
False
Is 730130 a multiple of 144?
False
Is 22 a factor of 1336170?
True
Is 14 a factor of 106069?
False
Is 25136 a multiple of 29?
False
Is 456 a factor of 560880?
True
Does 13 divide 176907?
False
Is 426 a factor of 1550191?
False
Does 355 divide 56445?
True
Is 723163 a multiple of 59?
True
Is 564970 a multiple of 49?
True
Is 23 a factor of 7197856?
False
Is 203941 a multiple of 315?
False
Does 888 divide 21826152?
True
Is 26 a factor of 355342?
True
Is 107 a factor of 2450621?
True
Is 6 a factor of 1065890?
False
Is 44 a factor of 74624?
True
Is 8 a factor of 534987?
False
Is 408884 a multiple of 12?
False
Is 3059523 a multiple of 832?
False
Is 3638856 a multiple of 566?
False
Is 1836 a multiple of 27?
True
Is 4341024 a multiple of 32?
True
Does 29 divide 15689?
True
Is 278119 a multiple of 111?
False
Does 956 divide 5372081?
False
Does 11 divide 3915549?
True
Is 842 a factor of 5010742?
True
Is 412642 a multiple of 19?
True
Is 35 a factor of 1498315?
True
Is 58 a factor of 115223?
False
Is 432008 a multiple of 4?
True
Does 1103 divide 4397661?
True
Does 4 divide 69576?
True
Does 3 divide 182404?
False
Is 4805383 a multiple of 22?
False
Is 1090610 a multiple of 191?
True
Does 32 divide 108224?
True
Is 480 a factor of 486067?
False
Does 105 divide 18480?
True
Is 1077608 a multiple of 196?
True
Is 44 a factor of 145772?
True
Is 76 a factor of 60227?
False
Is 246006 a multiple of 237?
True
Does 16 divide 593200?
True
Does 12 divide 91063?
False
Is 79684 a multiple of 10?
False
Is 300 a factor of 2472162?
False
Is 2489751 a multiple of 297?
True
Does 5 divide 196617?
False
Is 514 a factor of 319708?
True
Is 1315946 a multiple of 410?
False
Is 11 a factor of 6364483?
False
Is 41 a factor of 263138?
True
Does 224 divide 6968678?
False
Is 143956 a multiple of 10?
False
Does 290 divide 24940?
True
Is 1931502 a multiple of 39?
False
Is 699 a factor of 315458?
False
Is 377 a factor of 109330?
True
Does 358 divide 461605?
False
Is 491 a factor of 131072?
False
Is 50057 a multiple of 9?
False
Is 231254 a multiple of 43?
True
Does 3 divide 33800?
False
Is 3 a factor of 128604?
True
Is 192 a factor of 575327?
False
Is 91547 a multiple of 43?
True
Does 503 divide 211260?
True
Is 55986 a multiple of 21?
True
Is 68 a factor of 2690916?
False
Is 69426 a multiple of 14?
True
Is 617039 a multiple of 241?
False
Is 517 a factor of 323642?
True
Is 12 a factor of 16881906?
False
Is 589 a factor of 1434804?
True
Does 56 divide 25781560?
True
Is 238582 a multiple of 247?
False
Is 38 a factor of 179056?
True
Is 54 a factor of 9330974?
False
Is 36097 a multiple of 181?
False
Is 1300946 a multiple of 3?
False
Does 11 divide 696724?
False
Is 7238532 a multiple of 238?
True
Is 160829 a multiple of 35?
False
Does 7 divide 8172232?
False
Is 157 a factor of 303155?
False
Is 878874 a multiple of 6?
True
Does 42 divide 313544?
False
Does 56 divide 21616?
True
Is 152 a factor of 586720?
True
Is 622766 a multiple of 41?
False
Is 399 a factor of 280497?
True
Is 2930950 a multiple of 12?
False
Is 138075 a multiple of 75?
True
Is 144932 a multiple of 76?
True
Does 142 divide 8828700?
False
Does 88 divide 1321560?
False
Is 28 a factor of 320628?
True
Is 11628 a multiple of 57?
True
Is 4 a factor of 851544?
True
Does 27 divide 238680?
True
Does 19 divide 1067794?
False
Is 55095 a multiple of 3?
True
Does 15 divide 13887325?
False
Is 8 a factor of 769776?
True
Is 13 a factor of 91273?
True
Is 859216 a multiple of 664?
True
Is 62 a factor of 261764?
True
Does 64 divide 12302016?
True
Is 1127248 a multiple of 20?
False
Does 14 divide 465178?
True
Is 1319916 a multiple of 86?
False
Does 174 divide 171748?
False
Does 16 divide 557086?
False
Is 7 a factor of 512547?
True
Is 4 a factor of 4411060?
True
Does 20 divide 4472400?
True
Is 4 a factor of 1658902?
False
Is 322 a factor of 15868881?
False
Is 157 a factor of 487642?
True
Is 30 a factor of 3129728?
False
Does 12 divide 3300228?
True
Is 648 a factor of 454248?
True
Is 5 a factor of 3834795?
True
Does 44 divide 60155?
False
Does 14 divide 3738616?
True
Is 396207 a multiple of 14?
False
Is 33 a factor of 85635?
True
Is 9319 a multiple of 105?
False
Does 29 divide 1882999?
True
Is 7805006 a multiple of 82?
True
Is 183923 a multiple of 11?
False
Is 1252359 a multiple of 99?
False
Is 193952 a multiple of 232?
True
Does 25 divide 20129?
False
Does 4 divide 59215?
False
Does 25 divide 731000?
True
Is 11 a factor of 617459?
False
Does 6 divide 526118?
False
Is 18915474 a multiple of 668?
False
Is 57 a factor of 2748711?
True
Does 100 divide 212700?
True
Is 4 a factor of 1898577?
False
Is 92813 a multiple of 7?
True
Is 21